 by 13.
7
Let m be -14 - (2/(-7) + (-2)/(-7)). Let s(u) = u**3 + 15*u**2 + 12*u - 2. What is the remainder when 89 is divided by s(m)?
11
Let w = -37 - 75. What is the remainder when 14 is divided by (-42)/w - 45/(-8)?
2
Let y(k) be the first derivative of -15/2*k**2 + 12 + 6*k. Calculate the remainder when y(-7) is divided by 23.
19
Let g(t) = 140*t + 540. Let x be g(-10). Let q = -783 - x. Suppose 3*r - 26 = 37. What is the remainder when q is divided by r?
14
Suppose 5*u = -2*y + 349, 2*u - 529 = 2*y - 5*y. Suppose -y = -5*f + 3*m, -3*f = -8*f - 3*m + 153. What is the remainder when f is divided by 4?
1
Calculate the remainder when 2 - (-1341)/9 - (-2 - 0) is divided by 32.
25
Let x(r) = 5*r**3 - 4*r**2 + 10*r - 7. Let m(b) = -3*b**2 + 15*b - 9. Let y be m(4). Let k = -12 + 43. What is the remainder when x(y) is divided by k?
29
Suppose 0 = -8*b - 89 + 449. Suppose -83 = -8*c + b. Calculate the remainder when 30 is divided by c.
14
Suppose -701 = -2*q + 5*g, 633 = 3*q - 5*g - 426. What is the remainder when 1753 is divided by q?
321
Let p(k) = 24*k**2 - 14*k - 12. Let f(a) = -a**2 - a - 2. Let o(n) = f(n) + p(n). What is the remainder when 88 is divided by o(-1)?
16
Suppose -6*b - 75 = -9*b - f, -15*b + 5*f = -315. What is the remainder when 398 is divided by b?
7
Suppose 0 = -49*j + 37*j + 36. Suppose 0 = -r - r + i + 129, -i - 194 = -j*r. What is the remainder when r is divided by 23?
19
What is the remainder when ((-12)/(-66) - 0)/(-1) + (-127450)/(-22) is divided by 28?
25
Suppose 3*h - 13 - 11 = 3*l, -2*h = -4*l - 32. Let k be 1/(-4) - (-14)/l. What is the remainder when (7 + -5)*(-25)/k is divided by 7?
4
Suppose 2*d - 3 = f, 0*f - 5*d + 5 = -3*f. Suppose 0 = f*g - 1093 + 508. Calculate the remainder when g is divided by 41.
35
Let k(l) = l**3 + 10*l**2 - 132*l - 520. Calculate the remainder when k(-16) is divided by 9*(0 + (-4)/(-6)).
2
Let k(m) = 63*m - 211. Suppose -76*w = -77*w + 10. Calculate the remainder when k(w) is divided by 84.
83
Suppose -158 - 208 = -9*i - 24. What is the remainder when 371 is divided by i?
29
Suppose 0 = 2*c + 45 + 133. What is the remainder when 59 is divided by c/(-5) - 14/(-315)*-18?
8
Suppose -3*k = -4*k + 149. Calculate the remainder when k is divided by (-8)/360*-10 - (-7)/(378/312).
5
What is the remainder when 2014 is divided by 2*(675/18 + 3)?
70
Let m(v) = -101*v + 2807. Calculate the remainder when 1308 is divided by m(27).
28
Suppose 0 = -4*d + 5*g + 70 + 1101, -4*d - 3*g = -1179. Calculate the remainder when 299 is divided by d.
5
Suppose 0 = 2*z - 3*p - 153, -396*z + 393*z + 4*p + 231 = 0. What is the remainder when 578 is divided by z?
11
Calculate the remainder when (-8)/(-18) - 578221/(-1017) is divided by 45.
29
Let b(v) = -51*v**2 + 362*v + 7. What is the remainder when 2911 is divided by b(7)?
13
Let m be (-165)/(-22)*(-34)/3. Let a = 91 + m. Suppose -12 = -3*k, -6*x + x + 3*k + 73 = 0. What is the remainder when x is divided by a?
5
Suppose 5*v - 2*q + 1008 = 15810, 3*v - 8875 = -5*q. Suppose 24*h - v + 1064 = 0. What is the remainder when 313 is divided by h?
76
Let z = -55 - -159. Let a(n) = -n**3 - 69*n**2 - 258*n + 185. Calculate the remainder when z is divided by a(-65).
49
Let t = 105 + -347. Let k = -202 - t. Calculate the remainder when 114 is divided by k.
34
Let q = 3975 - 3841. What is the remainder when 407 is divided by q?
5
Suppose 38*i - 7657 = 1349. What is the remainder when 7108 is divided by i?
235
Let b(n) = -2*n**3 - 25*n**2 + 22*n + 180. Calculate the remainder when 13353 is divided by b(-13).
60
Suppose -2*h + 99 = -h + 3*y, -3*y = -12. Let w = 749 + -999. What is the remainder when h is divided by (-96)/(-20)*w/(-40)?
27
Let z(x) = -11*x**2 - 93*x + 138. What is the remainder when 3377 is divided by z(-8)?
173
Let w = 289 + -169. Let l = w + -15. Calculate the remainder when l is divided by 6.
3
Suppose 0 = -d + 3*d - 24. Suppose 15*w - 20 = d*w + 5*h, 5*h = -2*w + 55. Calculate the remainder when 117 is divided by w.
12
Let w = 1030 - 862. What is the remainder when w is divided by 30?
18
Let d = -16577 + 16887. Calculate the remainder when d is divided by 294.
16
Let a be (-1981)/(-35) + 2/5. Suppose 2*g - 75 = a. What is the remainder when g is divided by ((-1610)/(-42))/((-15)/(-9))?
20
Let r(a) = 3*a**2 + 7*a - 7. Suppose 1033 = 13*u + 383. Suppose -5*h + u = -4*o, -2*o = 3*h + 2*o - 30. What is the remainder when r(-6) is divided by h?
9
Let f(y) = -4*y**3 + 0*y + 3*y**3 + 17*y**2 + 6 + 8*y + 0*y. Calculate the remainder when f(17) is divided by 29.
26
Suppose 30*m - 4599 = 16581. Calculate the remainder when m is divided by 145.
126
Let s = 51 + -46. Suppose s*a + 25 = 4*m, 4*m - 3*a - 24 = a. Suppose -8*c = -m*c - 24. Calculate the remainder when 28 is divided by c.
4
Let q be (80/(-15))/(-4)*39. Suppose 2*c = -18 + q. Let g(x) = x**2 + 5*x - 92. Calculate the remainder when g(-16) is divided by c.
16
Let l = -68 - -92. Suppose -11*t = -l - 42. Suppose -t*o + 170 = 4*o. Calculate the remainder when 26 is divided by o.
9
Let m be 829/3 - ((-40)/(-30) - 1). Suppose -5*p + m = 7*p. Calculate the remainder when 804 is divided by p.
22
Let g(v) be the first derivative of -v**3/3 + 25*v**2/2 - 65*v + 85. Calculate the remainder when 67 is divided by g(21).
10
Suppose 2*h = 3*z + 50247, -5*h - 735*z + 125600 = -740*z. Calculate the remainder when h is divided by 52.
49
Suppose 6809 = 10*c - 2971. Suppose -10*i + 13*i = c. Calculate the remainder when i is divided by 22.
18
Let k = 2161 + -2097. Suppose 2*r - r = -2, -2*q - 4*r = -26. Calculate the remainder when k is divided by q.
13
Let d = 33 + -7. Let o = 163 + d. Let k = -965 + 1013. Calculate the remainder when o is divided by k.
45
Let w = -12449 + 12463. What is the remainder when 418 is divided by w?
12
Suppose n = 4*n + 12. Let h be n + 150/35 - 3387/21. Let i = 0 - h. What is the remainder when i is divided by 18?
17
Let g = 7200 + -6646. Calculate the remainder when g is divided by 16.
10
Let t(w) be the first derivative of 64*w**3/3 - 3*w**2/2 - 2*w - 16. What is the remainder when t(-1) is divided by 6?
5
Suppose -6*h = -b - 2*h - 342, 0 = -2*b + 5*h - 693. Let q = -347 - b. What is the remainder when (-3 - (-2 - -1)) + 19 is divided by q?
3
Let f be 14/7 - (-2 - 1). Let x = 21 - 2. Let t = f + x. Calculate the remainder when t is divided by 10.
4
Let h(n) be the second derivative of n**4/12 + 7*n**3/6 + 7*n**2 + 29*n. Let p = 26 - 11. What is the remainder when p is divided by h(-5)?
3
Let n be (-560)/91 - (22/26 + -1). Let a(s) = 3*s**2 + 8*s + 59. Calculate the remainder when a(n) is divided by 24.
23
Let d = 265 - 178. Suppose d*r = 94*r - 42. What is the remainder when 21 is divided by r?
3
Suppose -3341 = -44*s + 14567. What is the remainder when s is divided by 7?
1
Suppose -80*s = 20*s - 12700. What is the remainder when 181 is divided by s?
54
What is the remainder when 160 is divided by ((-4)/10 - (-3 - 2440/100)) + 2?
15
Suppose -12*n + 2141 = 1577. What is the remainder when 416 is divided by n?
40
Let i(m) = 8*m**2 - 269*m - 8699. What is the remainder when i(-37) is divided by 55?
51
Calculate the remainder when (-2)/(-16) - -1090*133/304 is divided by 28.
1
Let x(h) be the second derivative of 21*h**3/2 - 169*h**2/2 + 99*h. Calculate the remainder when x(4) is divided by 7.
6
Suppose 589806 = -1652*q + 5558*q. What is the remainder when q is divided by (1 + -3)/(1/(-25))?
1
Let o(r) = 3*r. Let w(i) = -14*i. Let d(u) = -21*o(u) - 4*w(u). Calculate the remainder when (2/(-8))/1 + (-770)/(-40) is divided by d(-1).
5
Let r = 13551 - 13494. Calculate the remainder when 748 is divided by r.
7
Let b(o) = 809*o - 730. What is the remainder when 1743 is divided by b(1)?
5
Suppose -5*d + 4*y + 112 = 0, 1028*d - 1024*d = -2*y + 126. Let j = -121 + 221. Calculate the remainder when j is divided by d.
16
Suppose -5 + 12 = h. Suppose -h = -c + 6. What is the remainder when 128 is divided by c?
11
Let v = -2200 + 2699. What is the remainder when v is divided by 40?
19
Suppose 0 = 10*f - 4*f - 42. Suppose -4*b - 164 = -4*o, f*o + b - 76 = 5*o. Calculate the remainder when 73 is divided by o.
34
Suppose -928*d = -922*d - 114. Calculate the remainder when 538 is divided by d.
6
Let t(x) = 25*x 